pose 0 = 4*x - 10 - 2. Suppose 2*n = x*n - 47. Calculate the remainder when n is divided by a.
23
Let p = 50 + -31. What is the remainder when p is divided by 7?
5
Let q(i) = i**2 - 6*i - 5. Let l be q(7). Let r = -3 - -7. Suppose -2*y + 12 = 2*g, r = -l*g + 5*y + 51. Calculate the remainder when 20 is divided by g.
9
Suppose 3*p - 12 = -y, -8 = -4*p - 3*y + 8. Suppose -p*z + 5*z = 2. Let m = 6 - 4. Calculate the remainder when z is divided by m.
0
Let j(d) = -15*d + 1. Let y be j(-1). Let t = y + -5. What is the remainder when (-1 + (-23)/(-3))*3 is divided by t?
9
Let q(v) = -52*v + 53. Calculate the remainder when q(-3) is divided by 35.
34
Let m = 45 + -24. What is the remainder when 124 is divided by m?
19
Let n = 7 - 5. Suppose 2*f = -5*b - 17, 3*b - n*f + f = -8. Calculate the remainder when 26 is divided by 9 - (3 - (-9)/b).
8
Suppose 2*o - 10 = -2. Suppose 4 = 2*i - 0*i. Calculate the remainder when o is divided by i.
0
Suppose 7 - 4 = i. Let t = 15 + -9. Suppose -28 = -t*v - 4. Calculate the remainder when v is divided by i.
1
Let j(q) be the first derivative of 9*q**4/4 + q**3/3 + q**2/2 - q + 36. Let l be 3*(1 - (-1)/(-3)). Calculate the remainder when j(l) is divided by 20.
17
Suppose -3*h + 4*n + 261 = 0, 71 + 114 = 2*h + n. What is the remainder when h is divided by 31?
29
Calculate the remainder when ((-4)/5)/((-5)/300) is divided by 7.
6
What is the remainder when 148*2*(-1)/(-4) is divided by 19?
17
Let b be 404/10 + (-2)/5. Suppose -x + 5*x = b. Calculate the remainder when 29 is divided by x.
9
Let g(h) = 2*h - 1. What is the remainder when 7 is divided by g(3)?
2
Let x(q) = 2*q + 63. What is the remainder when x(0) is divided by 11?
8
Suppose 9*l = 5*l + 8, -4*l + 48 = 5*n. Let v(q) be the third derivative of 7*q**4/24 - 2*q**3 + q**2. What is the remainder when v(n) is divided by 15?
14
What is the remainder when (-4 + 3)/((-2)/26) is divided by 7?
6
Let u(n) = -n**2 - 4*n - 2. Let c be u(-4). Calculate the remainder when 6*(c + 39/6) is divided by 14.
13
Suppose 25 - 4 = q. Calculate the remainder when q is divided by 6.
3
Let n be 28/(-12) + 2/6. Let v(m) = -m - 2. Let b be v(n). Suppose p + 2*t - 13 = 0, 2*t + 1 + 7 = b. What is the remainder when 41 is divided by p?
20
Suppose 0 = -3*i - 9 + 54. What is the remainder when 28 is divided by i?
13
Suppose 4*n - 179 = -3*b + 38, 164 = 3*n + b. What is the remainder when n is divided by 14?
13
Suppose 120 = -2*i + 7*i. What is the remainder when i is divided by 13?
11
Suppose 3*a = 5*m + 211, -2*m - 3*m - 149 = -2*a. What is the remainder when a is divided by 21?
20
Let t be -1*(-3 - -7)*-1. Calculate the remainder when (-8)/(-12)*114/t is divided by 11.
8
Suppose -3*i + 8*i = 0. Suppose 4*x - 250 + 46 = i. What is the remainder when x is divided by 27?
24
Suppose 2*t = 2, 2*t = 5*u - 90 - 3. Let g(p) = -p**2 + 6*p + 10. Let w be g(7). Calculate the remainder when u is divided by 48/6 + (w - 1).
9
Suppose -4*l + 23 = -3*l. What is the remainder when 44 is divided by l?
21
Let a(r) = r**3 + r**2 + 14. Let v = 14 + -5. Let i(y) = y**3 - 9*y**2 + y - 1. What is the remainder when a(0) is divided by i(v)?
6
Suppose -j + 2 = -0. Suppose -4*b = 2*a - 36, 44 = 5*b + a + j*a. What is the remainder when 27 is divided by b?
7
Suppose 5*d - 84 = 26. Suppose 59 = 4*r + 11. Calculate the remainder when d is divided by r.
10
Suppose -3*a = 2*z - 29 + 5, 0 = -2*a. Calculate the remainder when 19 is divided by z.
7
Let y(o) be the third derivative of o**5/15 - o**4/4 + o**2. Suppose 139 = 4*v + 43. What is the remainder when y(5) is divided by v?
22
Suppose -3*x + 12 = -0*t + t, -t + 5*x = -28. Let p(c) = -c**2 + 6*c + 5. What is the remainder when t is divided by p(5)?
8
Let h be (2*5)/((-2)/(-4)). Suppose 4*t - 125 = -3*b, 3*b - h = -t + 108. Suppose 0 = 5*i - 3*i - 30. Calculate the remainder when b is divided by i.
13
Suppose 0 = 7*y - 4*y - 24. Suppose -x = -4*x + 69. What is the remainder when x is divided by y?
7
Let w be 0/(-2 + 5) + 3. Suppose -w*v = -8 - 16. Calculate the remainder when 37 is divided by v.
5
Let b(w) = w**3 + w - 2. Let p be b(2). What is the remainder when 2/p - (-70)/8 is divided by 3?
0
Suppose -4*v - 4*u = -28, 2*v - u + 3 = v. Suppose -30 = -v*l + 2*n - 0*n, -45 = -3*l - 3*n. Let t = 10 - 2. Calculate the remainder when l is divided by t.
7
Let y(a) = a**3 + 5*a**2 - a - 5. Let n be y(-5). Suppose n = -0*w + 2*w - 100. Calculate the remainder when w is divided by 17.
16
Suppose -17 = -3*f + x + 8, -2*f - 2*x = -6. What is the remainder when 10/4*-2*-5 is divided by f?
4
Let f = 11 - 4. Let x = f + 12. Suppose 5*p + 4*v = 206 + 61, 0 = 2*p - 2*v - 114. Calculate the remainder when p is divided by x.
17
Let l(w) = w - 6. Let z(j) = 3*j - 19. Let o(r) = 7*l(r) - 2*z(r). Let d be o(4). Suppose -4*v + 90 + 2 = d. What is the remainder when v is divided by 12?
11
Let a(t) = 4*t - 3. Let k be (-1026)/15 - 4/(-10). Let n = -31 - k. Calculate the remainder when n is divided by a(4).
11
Suppose -5*p = 13 - 3. Let q(k) = -2*k - 1. Let a be q(p). Suppose 8*m - a*m = 30. Calculate the remainder when 10 is divided by m.
4
Let o = 6 - 8. Let k(i) = i**3 - 7*i**2 - 18*i + 4. Let z be k(9). Calculate the remainder when 17 is divided by 3/o + 26/z.
2
Let p = -2 + 4. Suppose -3*i = p*i. Suppose 2*c - 4*c + 10 = i. What is the remainder when 8 is divided by c?
3
Let k = 2 - 0. Suppose -k*n = 3*n + 45. Let r = n - -17. What is the remainder when r is divided by 3?
2
Let v = 21 - 2. Calculate the remainder when 75 is divided by v.
18
Let n(k) = -k - 13. Let p be n(0). Let a = p - -21. What is the remainder when a is divided by 4?
0
Suppose -7*w + 11*w - 116 = 0. What is the remainder when 37 is divided by w?
8
Let y = -11 + 5. Calculate the remainder when y/((-8)/(-4)) - -35 is divided by 11.
10
Calculate the remainder when 47 is divided by 4/(-6)*(-1)/(8/300).
22
Let y = 5 + 17. What is the remainder when 151 is divided by y?
19
Let a be ((-10)/3)/(1/(-24)). Suppose 3*y - 4*y - d = -a, -264 = -3*y + 5*d. Calculate the remainder when y is divided by 21.
20
Suppose h = 1 + 70. Calculate the remainder when h is divided by 18.
17
Suppose -5*j = -16 - 4. Suppose -2*l - 3*p + 18 = 0, 9*l - 58 = j*l - p. Suppose 2*c - 16 = l. Calculate the remainder when 26 is divided by c.
12
Let l = 58 + -32. What is the remainder when l is divided by (36/(-8))/((-1)/2)?
8
Let t be (0 - (-2)/2)*-1. Let s be -6*(t - -4)/(-6). Suppose -2*f + 53 = -s*v + 10, v - 1 = 0. Calculate the remainder when f is divided by 12.
11
Let c(q) = -q**3 - 2*q**2 + 3*q + 2. Let f be c(-3). Suppose -2*a - 4 = f. Let b(p) = -9*p + 3. What is the remainder when b(a) is divided by 16?
14
Let u(k) be the third derivative of 11*k**4/6 + k**3/6 - 3*k**2. Calculate the remainder when u(1) is divided by 16.
13
Let r be 10/25 - 72/(-20). Suppose -76 = -4*w - 5*o, 0 = -r*w + 4*o - 14 + 54. What is the remainder when w is divided by (20/(-6))/(2/(-3))?
4
Let t(w) = w**2 - 4*w - 8. Let s = 9 - 5. What is the remainder when t(7) is divided by s?
1
Let a(m) = m**3 + 9*m**2 + 7*m - 7. What is the remainder when a(-7) is divided by 15?
12
What is the remainder when 9 is divided by 9*-6*(-3)/27?
3
Let w = -1 + 14. Calculate the remainder when w is divided by 7.
6
Let k = -4 - -6. Suppose -5 = -k*p + 21. Suppose -5*s + 39 = -d, -d - 3*d = -4*s + 44. What is the remainder when p is divided by s?
6
Calculate the remainder when 24 - 2*10/(-4) is divided by 16.
13
Suppose 4*f - 10 = -2*o + 7*o, -5*o - 5*f = 10. Let d(y) = -34*y + 2. Calculate the remainder when d(o) is divided by 24.
22
Let g(o) = -o**3 + 6*o**2 - 2*o - 4. What is the remainder when g(4) is divided by 6?
2
Let x(m) = -4*m**3 + m**2 + 2*m. Suppose 34 = d + d. Calculate the remainder when x(-2) is divided by d.
15
Suppose 35*t = 26*t + 63. Suppose 0 = -4*u + c + 9, -u = -c - 0*c. What is the remainder when t is divided by u?
1
Let a be 3/(-6)*(0 + 0). Let r(j) = j**3 - j**2 - 3*j + 2. Let f be r(2). Suppose f*z + 2*z - 60 = a. What is the remainder when z is divided by 16?
14
Let u(r) = -r + 8. Let j be u(6). Let n(v) = -3*v - 2. What is the remainder when (-2)/(6/(-21)) - j is divided by n(-2)?
1
Suppose -5*t + 2*s - 48 = -369, -15 = 5*s. Suppose -2*f + 11 = -53. What is 